on divisor of z and d?
37
Suppose k - 31 = -3*w, -2*k - 41 = -3*k - 5*w. Suppose -12*o = -360*o - 159*o + 77064. What is the highest common divisor of o and k?
8
Suppose 11*w + 10 = -78. Let b(a) = a**2 - 8*a - 48. Let i be b(w). Calculate the highest common divisor of i and 60.
20
Suppose -3*o - 5*u - 13 = -4*o, 3*o - 90 = -2*u. Let z = o + 14. Calculate the highest common divisor of 18 and z.
6
Let j(z) = -366*z**3 - 6*z**2 - 13*z - 8. Let p be j(-1). What is the highest common factor of 5 and p?
5
Let k(u) = 2*u - 4*u + 4*u + 1 + 13. Let q be k(-11). Let x be (-9)/(108/(-64))*(-18)/q. What is the greatest common divisor of 60 and x?
12
Let r be (31 + -34)/(2/(-14)). Calculate the highest common factor of r and 4410.
21
Let x(l) = 27*l + 464. Let k be x(-12). Calculate the greatest common divisor of k and 1155.
35
Let h(y) = 6*y**2 - 9*y - 70. Let w be h(7). What is the highest common factor of 207 and w?
23
Let j be 189/(-441)*28/(-6). Suppose -5*x + j*n + 136 = 0, -x + n = -2 - 24. Calculate the greatest common divisor of 602 and x.
14
Let y = -9257 + 10473. What is the greatest common divisor of 1088 and y?
64
Suppose -54 = 6*z + 3*z. Let m be (82/z)/((-2)/6). Let v = 45 - m. Calculate the greatest common factor of v and 4.
4
Let o be 246/8 - (-5)/4. Let g be 5 + o/(-40) + 258/10. What is the highest common factor of g and 30?
30
Let i be 124/32 + 20/160. Suppose -v + 83 = -b, -4*v + 2*b + 324 = -0*b. Suppose 299 = 5*s + v. What is the highest common factor of s and i?
4
Let i(q) = -7*q + 59. Let z(p) = 14*p - 118. Let f(m) = -5*i(m) - 2*z(m). Let v be f(14). What is the greatest common divisor of v and 3?
3
Suppose 0 = -80*f + 74*f + 662 - 182. Let u(g) = g**3 - 4*g**2 - 4*g + 5. Let i be u(5). What is the greatest common divisor of f and i?
10
Suppose -51*r + 61 + 8507 = 0. Calculate the highest common divisor of r and 357.
21
Let r be (2 - -1)*(-1)/((-3)/(-30)). Let q be (1 + (-345)/r)*(1 - -1). What is the highest common factor of q and 50?
25
Suppose 1826*y = 1885*y - 206972. What is the greatest common divisor of 4 and y?
4
Let h(f) = -f**2 - f. Let d be h(2). Let m = 50 + d. Let b = -36459 - -36467. What is the highest common factor of b and m?
4
Let t = 15199 - 12479. What is the highest common divisor of 30 and t?
10
Suppose 11*h = 16*h, 4*h - 5 = -g. Suppose -3*s = -3*q, g + 15 = s + 3*q. Calculate the greatest common factor of 65 and s.
5
Suppose -16*w + 5640 + 12536 = 0. Let q = -672 + w. What is the greatest common factor of 29 and q?
29
Let s(x) = x**2 - 14. Let t be s(4). Suppose t*k - z - 51 = 3*k, -90 = 2*k - 2*z. Let f = -33 - k. Calculate the greatest common divisor of f and 3.
3
Let g be -7*(92/28 + -4). Suppose 4*a + y = 142 + 145, -g*a + 358 = 2*y. What is the highest common factor of a and 9?
9
Let d(k) = k**3 + k**2 - k + 19. Let g = 23 - 23. Let q be d(g). Let s = 569 + -531. What is the highest common divisor of s and q?
19
Let x = 2 - -80. Let t(z) = -40*z + 8. Let g be t(-8). Calculate the highest common factor of x and g.
82
Let j be 6/(-2)*11/(-11). Let u = 45 + -31. Suppose -u*l = -l - 156. What is the highest common factor of j and l?
3
Suppose -3*j - 128 = -i, -2*i + 5*i + 3*j = 372. Let f be (8/3)/((-1)/(-3)). Let o be (-1792)/(-36) - f/(-36). What is the highest common divisor of i and o?
25
Let c(j) = 116*j - 3311. Let x be c(33). What is the greatest common factor of x and 3243?
47
Suppose -20*n + m - 188 = -24*n, -2*n = 2*m - 88. Calculate the highest common factor of n and 136.
8
Let v = -12177 + 17459. Calculate the greatest common factor of 2224 and v.
278
Let x = -2 - -3. Let b be (285/21 + -11)/(3/14*1). What is the highest common factor of x and b?
1
Let b = 38926 + -38707. Calculate the greatest common divisor of b and 174.
3
Let l(i) = -7*i**3 - 9*i**2 + 3*i + 4. Let o be l(-2). What is the highest common divisor of 1278 and o?
18
Suppose u = 3*a - 1646 - 424, -2*a = 5*u - 1363. What is the greatest common factor of 13 and a?
13
Let u be 5 - ((-32331)/15 + 112/80). Calculate the greatest common divisor of u and 17.
17
Suppose -m + 9*m = -0*m. Let l be 3*5 + m*(-2)/(-4). Let k be 6/l - 1 - 48/(-5). Calculate the greatest common divisor of 45 and k.
9
Let z = -13 + 25. Let n(x) = 3140*x - x**2 - 14 - 3123*x - 1. Let v be n(z). Calculate the highest common divisor of 315 and v.
45
Let i = 171 + -84. Suppose -2*n = 5*d - 125, -4*d = 7*n - 8*n - i. What is the highest common factor of 575 and d?
23
Suppose -4 - 4 = -2*g. Let s(a) = 6*a**2 - 4*a + 10. Let n be s(g). Let c = 86 - 76. What is the greatest common factor of n and c?
10
Suppose 4*j = -5*g + 6652, -402*j + 4*g + 3274 = -400*j. Calculate the greatest common factor of 513 and j.
57
Let g be (2 - ((-472)/(-16) + -9))*(-694 - 4). What is the greatest common factor of g and 37?
37
Let b = -26 - -27. Let t be (b + 20)*(-2 + (2 - 1)). Let n = 24 - t. What is the highest common factor of n and 30?
15
Let v(m) = -m**2 - m + 33. Let x be v(-6). Suppose 0 = -3*j - 4*o + 128, -x*j + 2*o = -6*j + 130. Calculate the highest common factor of j and 484.
44
Let g be (-64630)/(-92)*14/5. Suppose 11*p = 1443 + g. What is the highest common divisor of 62 and p?
62
Suppose 58*z - 566 = -225*z. Let j = -19 - -38. Calculate the greatest common factor of z and j.
1
Let l(p) = -p**2 + 77. Let b be l(0). Suppose 2*w - x + 550 = -910, w - 5*x + 712 = 0. Let r = w + 739. Calculate the highest common divisor of r and b.
7
Let k be (2 - 1)*(50 - -10). What is the greatest common divisor of 3090 and k?
30
Let z = -1 - -12. Let h be -4*((-581)/(-4))/(-7). Let q = 105 - h. What is the highest common divisor of z and q?
11
Let l = -15498 + 15828. Suppose -237 = -3*h + 123. Calculate the highest common divisor of l and h.
30
Let a = -918 - -312. Let m = -549 - a. What is the greatest common factor of m and 19?
19
Let c(q) be the first derivative of 2*q + 20 + 1/3*q**3 + q**2 - 11/2*q**4. Let z be c(-1). Calculate the highest common divisor of z and 161.
23
Let w(u) = 4*u**3 - 3*u**2 + 7*u - 3. Let g be w(3). Let y = -67 + g. Calculate the highest common divisor of y and 96.
32
Suppose 0 = 16*o - 9638 + 9062. What is the highest common factor of 1602 and o?
18
Let w(a) = a**3 + 23*a**2 + 13*a + 84. Let l be w(-22). Let s = 374 + l. Calculate the highest common divisor of s and 16.
16
Suppose -3*q = -4*r - 19 + 4, 3*r = 9. Suppose 0 = q*z + 12 - 3. Let m be ((-9)/6)/(z/4). What is the greatest common divisor of m and 6?
6
Let i be 1*25 - (1 - 1). Suppose -a - 4*g + 9 = 0, -2*a + 16 = -a - 3*g. Let s be (-2 - a)*(-20)/i. What is the highest common factor of s and 48?
12
Suppose 0 = g - 22 - 146. Let b be ((-42)/35)/((5/100)/(-1)). What is the highest common divisor of b and g?
24
Suppose 0 = -4*o - 3*a + 70 - 22, o + a = 9. Let i be (-1)/3 + (-100)/(-3). Suppose 0 = -2*s - i + 89. Calculate the greatest common factor of o and s.
7
Suppose 2*t = 11*t - 3*t. Suppose -37*v + 43*v - 90 = t. What is the highest common factor of 165 and v?
15
Suppose 4*t + l - 521 = 0, l - 1 = -4. Let h = t - 102. Suppose -2*f - j - h = -3*f, -4*j = f - 24. Calculate the highest common divisor of f and 196.
28
Let s(f) = f**2 - 47*f + 18. Let x be s(47). Suppose -v = q - 43, 0 = -2*q - 7 - 3. Calculate the highest common divisor of x and v.
6
Let n be ((-9)/(-9))/((-1)/(-4)). Let r be 6/n - (-30)/(-20). Let v be (r + -24)*8/(-16). What is the highest common divisor of v and 4?
4
Suppose 0 = -34*j + 24*j + 200. Suppose 240 = j*q + 4*q. Let n = -54 + 94. Calculate the highest common divisor of n and q.
10
Suppose b - d - 246 = 2*d, -4*b - 5*d = -950. Suppose s = 2*x - 58, 4*s = -5*x + 84 + 74. What is the highest common divisor of x and b?
30
Let l = -37361 + 37916. What is the greatest common divisor of l and 720?
15
Let v = 25803 - 19099. What is the greatest common divisor of v and 48?
16
Let s be (-45)/(-6)*(-43)/((-1935)/972). What is the highest common divisor of 540 and s?
54
Let f(o) = -o**3 - o**2 + o + 92. Let r(t) = t**2 + 9*t - 70. Let g be r(-14). Let n be f(g). What is the greatest common divisor of n and 322?
46
Let z(p) be the second derivative of p**3/2 + p**2/2 + 30*p. Let b be z(6). Let j = 110 + 23. What is the highest common factor of j and b?
19
Suppose 3*z + 198 = 5*g, 186